 prime factors of 9288502?
2, 4644251
List the prime factors of 4158948.
2, 3, 17, 19, 29, 37
What are the prime factors of 2129409?
3, 23, 127
What are the prime factors of 3575?
5, 11, 13
List the prime factors of 531657.
3, 7, 29, 97
What are the prime factors of 424252?
2, 17, 367
List the prime factors of 5860128.
2, 3, 61043
What are the prime factors of 15274417?
43, 127, 2797
What are the prime factors of 275550?
2, 3, 5, 11, 167
What are the prime factors of 6510843?
3, 107, 6761
What are the prime factors of 689300?
2, 5, 61, 113
What are the prime factors of 647904?
2, 3, 17, 397
List the prime factors of 13509390.
2, 3, 5, 17, 26489
List the prime factors of 2002056.
2, 3, 7, 17, 701
What are the prime factors of 707649?
3, 139, 1697
List the prime factors of 131268.
2, 3, 10939
What are the prime factors of 1411268?
2, 352817
What are the prime factors of 4705377?
3, 1568459
List the prime factors of 608094.
2, 3, 11261
What are the prime factors of 269451?
3, 7, 13, 47
What are the prime factors of 115454?
2, 57727
List the prime factors of 291316.
2, 67, 1087
What are the prime factors of 455413?
7, 17, 43, 89
What are the prime factors of 619140?
2, 3, 5, 17, 607
List the prime factors of 7487655.
3, 5, 7, 29, 2459
List the prime factors of 699875.
5, 11, 509
List the prime factors of 715340.
2, 5, 47, 761
What are the prime factors of 15693197?
13, 241, 5009
What are the prime factors of 776811?
3, 7, 71, 521
List the prime factors of 20359602.
2, 3, 19, 59, 1009
List the prime factors of 2460658.
2, 1230329
What are the prime factors of 363320?
2, 5, 31, 293
List the prime factors of 33977.
61, 557
What are the prime factors of 3444302?
2, 17, 59, 101
What are the prime factors of 607553?
307, 1979
What are the prime factors of 160782?
2, 3, 127, 211
List the prime factors of 782914.
2, 11, 19, 1873
What are the prime factors of 140997?
3, 43, 1093
List the prime factors of 4152770.
2, 5, 263, 1579
What are the prime factors of 218206?
2, 109103
What are the prime factors of 2821764?
2, 3, 11, 21377
What are the prime factors of 827085?
3, 5, 7, 7877
What are the prime factors of 1593251?
11, 241, 601
List the prime factors of 6148638.
2, 3, 29, 11779
List the prime factors of 11424571.
11424571
List the prime factors of 533416.
2, 13, 23, 223
What are the prime factors of 1049383?
61, 17203
What are the prime factors of 1147223?
7, 11, 47, 317
What are the prime factors of 46366?
2, 97, 239
What are the prime factors of 2197784?
2, 274723
What are the prime factors of 801118?
2, 400559
List the prime factors of 56848.
2, 11, 17, 19
What are the prime factors of 213992?
2, 23, 1163
List the prime factors of 14278326.
2, 3, 2379721
List the prime factors of 146009.
146009
List the prime factors of 449320.
2, 5, 47, 239
List the prime factors of 42773305.
5, 2741, 3121
What are the prime factors of 1068420?
2, 3, 5, 17807
List the prime factors of 1014506.
2, 31, 16363
What are the prime factors of 5621966?
2, 7, 57367
List the prime factors of 57061.
43, 1327
What are the prime factors of 321947?
321947
What are the prime factors of 905806?
2, 11, 19, 197
What are the prime factors of 819877?
41, 19997
List the prime factors of 36645.
3, 5, 7, 349
List the prime factors of 8969772.
2, 3, 7, 106783
List the prime factors of 288799.
7, 41257
List the prime factors of 707335.
5, 241, 587
List the prime factors of 7068639.
3, 2356213
What are the prime factors of 10118340?
2, 3, 5, 67, 839
List the prime factors of 2602037.
17, 269, 569
What are the prime factors of 83624?
2, 10453
List the prime factors of 60222.
2, 3, 10037
List the prime factors of 103829.
11, 9439
List the prime factors of 3556093.
3556093
What are the prime factors of 90678?
2, 3, 7, 17, 127
What are the prime factors of 167961?
3, 55987
List the prime factors of 18742542.
2, 3, 7, 13, 34327
What are the prime factors of 42547?
157, 271
List the prime factors of 347454.
2, 3, 97, 199
What are the prime factors of 3231589?
3231589
List the prime factors of 8317690.
2, 5, 831769
What are the prime factors of 945301?
7, 135043
List the prime factors of 7387295.
5, 19, 77761
List the prime factors of 25731.
3, 953
What are the prime factors of 33557025?
3, 5, 447427
List the prime factors of 10057489.
13, 17, 2677
What are the prime factors of 490712?
2, 61339
List the prime factors of 2725818.
2, 3, 454303
What are the prime factors of 176063?
176063
What are the prime factors of 23989?
7, 23, 149
What are the prime factors of 569248?
2, 17789
List the prime factors of 40631.
41, 991
List the prime factors of 427992.
2, 3, 17, 1049
List the prime factors of 467233.
13, 127, 283
List the prime factors of 609270.
2, 3, 5, 23, 883
List the prime factors of 54784.
2, 107
What are the prime factors of 4058283?
3, 1352761
What are the prime factors of 698787?
3, 8627
List the prime factors of 253359.
3, 28151
List the prime factors of 25894.
2, 11, 107
List the prime factors of 5347679.
1621, 3299
List the prime factors of 14396306.
2, 7198153
What are the prime factors of 572996?
2, 143249
List the prime factors of 1677715.
5, 13, 53, 487
List the prime factors of 1396603.
13, 53, 2027
What are the prime factors of 596435?
5, 7, 17041
List the prime factors of 11832854.
2, 11, 173, 3109
What are the prime factors of 535334?
2, 267667
What are the prime factors of 1478274?
2, 3, 7, 61, 577
List the prime factors of 40109.
19, 2111
List the prime factors of 228877.
11, 20807
What are the prime factors of 311230?
2, 5, 31123
List the prime factors of 1272726.
2, 3, 7, 13, 37
What are the prime factors of 304604?
2, 271, 281
List the prime factors of 15457136.
2, 379, 2549
What are the prime factors of 224975?
5, 8999
What are the prime factors of 1509105?
3, 5, 13, 71, 109
List the prime factors of 11584518.
2, 3, 11, 175523
List the prime factors of 231653.
83, 2791
What are the prime factors of 1606850?
2, 5, 7, 4591
What are the prime factors of 9920674?
2, 61, 233, 349
What are the prime factors of 1510742?
2, 755371
List the prime factors of 243479.
243479
List the prime factors of 11991334.
2, 97, 113, 547
List the prime factors of 2974628.
2, 743657
List the prime factors of 100218.
2, 3, 16703
What are the prime factors of 10159756?
2, 19, 37, 3613
What are the prime factors of 4286935?
5, 79, 10853
List the prime factors of 2300360.
2, 5, 131, 439
What are the prime factors of 15723838?
2, 13, 619, 977
List the prime factors of 7624593.
3, 29, 131, 223
List the prime factors of 293015.
5, 58603
List the prime factors of 182514.
2, 3, 19, 1601
What are the prime factors of 153580?
2, 5, 7, 1097
List the prime factors of 126009.
3, 13, 359
What are the prime factors of 1884214?
2, 283, 3329
List the prime factors of 1404264.
2, 3, 58511
List the prime factors of 6858895.
5, 1371779
What are the prime factors of 845837?
709, 1193
What are the prime factors of 1423481?
1423481
What are the prime factors of 2158918?
2, 23, 46933
List the prime factors of 17985089.
17985089
List the prime factors of 3401356.
2, 7, 331, 367
List the prime factors of 632127.
3, 210709
What are the prime factors of 293778?
2, 3, 19, 859
What are the prime factors of 394303?
7, 13, 619
What are the prime factors of 2406926?
2, 1203463
What are the prime factors of 1165797?
3, 129533
What are the prime factors of 3785728?
2, 3697
What are the prime factors of 43920?
2, 3, 5, 61
What are the prime factors of 23299?
23, 1013
What are the prime factors of 1104553?
191, 5783
What are the prime factors of 18486762?
2, 3, 7, 179, 2459
List the prime factors of 346052.
2, 7, 17, 727
List the prime factors of 11941017.
3, 11, 233, 1553
List the prime factors of 417540.
2, 3, 5, 6959
What are the prime factors of 101349?
3, 11261
List the prime factors of 117946.
2, 17, 3469
List the prime factors of 549193.
549193
What are the prime factors of 2346284?
2, 586571
What are the prime factors of 861087?
3, 31, 47, 197
List the prime factors of 1027143.
3, 13, 8779
List the prime factors of 11633157.
3, 1123, 1151
What are the prime factors of 925373?
925373
What are the prime factors of 2819672?
2, 352459
List the prime factors of 730264.
2, 91283
What are the prime factors of 72696?
2, 3, 13, 2